*a - 0*a + b. What is the units digit of (-85)/(-10) + 2/o?
9
Suppose 3*s = 3*l + 2*l + 74, -3*s = -l - 82. Suppose 4*y = 5*i - 52, -5*i - 2*y = 2*y - s. What is the units digit of i?
8
Suppose d - 3*d = 2. What is the units digit of (d/2)/(6/(-84))?
7
Suppose 4*m - 6 = -5*x, -5*x - 8 - 2 = 0. Suppose -m*g - 2*p + 38 = 0, -3*g - g + 5*p + 31 = 0. What is the units digit of g?
9
Let k = 831 + -529. What is the tens digit of k?
0
Let h(f) = -24*f**3 + 6*f**2 - 3*f + 7. Let j(y) = 8*y**3 - 2*y**2 + y - 2. Let i(p) = 2*h(p) + 7*j(p). What is the units digit of i(1)?
7
Let l = 13 - 8. Let y be (4 - (-23)/(-5))*-25. Suppose 3*s = -2*k + y, -3*s + l*k + 20 = s. What is the units digit of s?
5
Let z(g) = g - 13. Let h be z(6). Let k(r) = r + 9. What is the units digit of k(h)?
2
Let r(n) = -2*n - 2. Let f be r(2). Let b = -6 - f. Suppose b = 4*w - 20, -p - p + 2*w - 4 = 0. What is the units digit of p?
3
Let m(z) = -4*z - 7. Let o(v) = 3*v + 6. Let j(w) = 4*m(w) + 5*o(w). Let k be j(-5). What is the units digit of (k - (-2)/(-1))*1?
5
Let b(r) = -r**2 + 7*r - 8. Let j be b(6). Let l = 5 + -8. What is the units digit of -1 - j/((-2)/l)?
2
Suppose -4*f + 0 = -5*b + 27, 3*f + 9 = 0. Let s = 7 - b. Let d = s + 2. What is the units digit of d?
6
Let i(w) = -2*w**3 - 20*w**2 - w + 15. What is the hundreds digit of i(-11)?
2
Let z be (-2)/((-2)/1 + 3). What is the units digit of (24/9)/(z/(-6))?
8
Let h(d) = -2*d - 8. Let q(p) = -p**2 + 9*p - 10. Let x be q(7). Suppose l - 27 = x*l. What is the units digit of h(l)?
0
Let u(t) be the second derivative of -t**5/20 + 5*t**4/12 - 5*t**3/6 + 5*t**2/2 + t. Let w be u(4). What is the units digit of (w - 1*-7) + 1?
9
Let v be (32/10)/((-2)/(-35)). Suppose y = 5*z + v, -48 = -y + 2*z + 2. What is the tens digit of y?
4
Let s(n) be the first derivative of n**4/4 - 4*n**3/3 - n**2 - 7*n + 1. Let u = -1 - -6. What is the units digit of s(u)?
8
Suppose 0 = -4*n + 4, 0 = 4*s - 0*n - 3*n - 293. What is the units digit of s?
4
Suppose 5*a - 603 - 292 = 0. What is the hundreds digit of a?
1
What is the tens digit of -2 + (1 + -3 - -33)?
2
What is the units digit of 4 - 1/((-4)/32)?
2
Let s(z) = -5*z + 2 + 3*z**2 - 2*z**2 - 2*z**2. Let n be s(-4). What is the units digit of (1 + 1 + -1)*n?
6
Let o = 3 + 0. Let q = 10 - o. Suppose 3*f - 14 = q. What is the units digit of f?
7
Suppose 2*u = 2*v + 2*v + 20, 2*v = -4*u - 10. Suppose -3*s - 3*f = -u*f - 54, -4*s + 66 = 2*f. What is the units digit of (-6)/9*s/(-2)?
5
Let c = 19 + -27. Let v = 15 + c. What is the units digit of v?
7
Let k = -12 + 14. Suppose -a + k*l + 10 + 18 = 0, -2*a - 4*l = -72. What is the tens digit of a?
3
Let w be 48/(-40)*85/(-2). Let d = 75 - w. What is the tens digit of d?
2
Suppose 0*i + 2 = i. Suppose 0*u + 5*m = -u + 12, -u + i*m - 2 = 0. Suppose u*l = 5 + 1. What is the units digit of l?
3
Let v(q) = 15*q - 2. Let n be v(6). Suppose 0 = -2*c + 6*c - n. What is the units digit of c?
2
Suppose -4*d = -j + 242, -d = 4*j + 2*d - 930. What is the tens digit of j?
3
What is the hundreds digit of ((-52)/(-6))/((-4)/(-54))?
1
Let a be 4 + -6 - 2*-7. Suppose 2*s - 4 = -2*s, -o + a = 3*s. What is the units digit of o?
9
Let y(g) be the second derivative of -1/20*g**5 + 0 + 1/3*g**3 + 2*g + 2/3*g**4 - 7/2*g**2. What is the units digit of y(8)?
9
Let z(w) be the third derivative of -w**4/6 - 3*w**3/2 - 4*w**2. What is the units digit of z(-4)?
7
Let t(k) = k**3 - 5*k**2 + 4*k + 4. Let c be t(4). Suppose -2*s = 3*n + 13, 0*s + c*n = s + 1. What is the tens digit of 1/(s/6)*-15?
1
Let p = -7 - -22. Let t be (3 - p)*(-2)/4. Suppose 0 = r - b - 9, 5*r + 2*b - t*b - 43 = 0. What is the units digit of r?
7
What is the tens digit of 4/10 - 234/(-15)?
1
Suppose -2*f - 7 = -4*m + 13, 3*m = f + 13. Let j be m*(2 - 4/6). What is the units digit of 1 + 1 + -1 + j?
5
Suppose 6 = -4*t + 2*g, 2*t + 6 = -t + 2*g. Suppose z + 5*r + t*r = 47, -5*r + 89 = 2*z. What is the units digit of z?
2
What is the units digit of (24/40)/(1/15)?
9
Suppose 0 = 30*r - 29*r - 39. What is the tens digit of r?
3
What is the tens digit of ((-308)/8)/((-4)/(-72)*-3)?
3
Let b(c) = -18*c + 1. Let h be b(-1). Suppose -11 - h = -5*w. What is the units digit of w?
6
Suppose s + 2*x - 26 = 0, 5*x + 115 = s + 4*s. Let v be (s/(-2) + 1)/(-1). Suppose 5*c - v = -1. What is the units digit of c?
2
Let f = -2 + 1. Let s be 1 + (-2 - f)*4. Let z(p) = p**2 - 2. What is the units digit of z(s)?
7
Let b be (-2)/(-3) + (-42)/9. Let s(q) = q**3 + 4*q**2 - 1. Let j be s(b). Let f = 6 + j. What is the units digit of f?
5
What is the tens digit of 15/(-12) + (-322)/(-8)?
3
Let l(w) = -w**3 - w**2 - w + 25. Let d = -12 + 12. What is the units digit of l(d)?
5
Let a be (-2 + 1)/((-1)/2). Suppose -a*y + 5*y - 27 = 0. Suppose -2*o + 23 = y. What is the units digit of o?
7
Let o(n) = -25*n + 4. What is the hundreds digit of o(-6)?
1
Suppose -2*d - 3*d = 0. Suppose -h - 4*h - 30 = d. Let i(w) = -w**3 - 5*w**2 + 2*w - 8. What is the tens digit of i(h)?
1
Let r(n) = 14*n**2 + 2*n - 1. Let u = -10 - -11. What is the tens digit of r(u)?
1
Let a = 75 + -43. What is the tens digit of a?
3
Suppose 4*n - n = 3. Let w = 0 - n. What is the units digit of (12/(-3))/(w/2)?
8
Let n(v) = 6*v - 11. What is the units digit of n(8)?
7
Let f = -11 - -13. Let o = f + 6. What is the units digit of o?
8
Suppose 2*t + 2*n = -5 + 13, -3*n = 5*t - 16. Suppose 0 = t*h + 10, 25 = 5*x - 3*h + 5. What is the units digit of x?
1
Suppose -2*x = 3*g, -x + 4*g = -5*x. Suppose x = 3*i - 43 + 13. What is the units digit of i?
0
Let i be (-5 - -1)/(3/(-36)). Suppose -2*t - i = -5*t. What is the units digit of t?
6
Let y(p) = p**3 - 5*p**2 + 6*p + 11. What is the units digit of y(5)?
1
Let s = -15 - -22. Suppose 0 = 2*r - 5*y - 29, 2*r + 3*y = 3 - 14. Suppose -s*z = -r*z - 30. What is the units digit of z?
6
Let s(n) = -n**3 + 13*n**2 - 2*n + 10. Let i be s(13). What is the tens digit of 186/10 - i/40?
1
Let d = -7 + 9. Suppose 3*m = 4*p - 15, -15 = -d*p - 4*m + 9. What is the units digit of p?
6
Let i(p) = p**3 + 12*p**2 - 12*p + 18. Let u be i(-13). What is the tens digit of (-192)/(-15) - (-1)/u?
1
Let c = -128 + 85. What is the units digit of c/(-5) - (-12)/(-20)?
8
Let l(b) = b**2 - 10*b - 16. Let v be l(12). What is the units digit of 4/v*(-18)/(-1)?
9
Let c be ((-6)/(-15))/((-2)/10). Let r = 2 + c. Suppose 3*w - 18 = -r*w. What is the units digit of w?
6
Let m(n) = n**2 - 1. Let g be m(-4). Let j = g + 15. Suppose 3*k + 9 = j. What is the units digit of k?
7
Suppose 5*i + 0 = b - 8, -3*b - i = -8. Suppose -15 = 5*t, 2*s - 2*t = b*t + 19. Suppose 2 = s*n - 2. What is the units digit of n?
2
Let k be (4 - 19)*(-4)/6. Let o(h) = h**2 + 9*h - 6. Let b be o(-9). Let w = k + b. What is the units digit of w?
4
Let x(n) = -3*n**3 - 9*n**2 + 3*n - 9. Let q(i) = -i**3 - 4*i**2 + i - 4. Let p(f) = -5*q(f) + 2*x(f). What is the tens digit of p(-2)?
1
Suppose 35 = 7*j - 5*j - 5*a, j - 23 = -3*a. What is the units digit of (j/(-30))/((-2)/51)?
7
Let l(w) = 2*w**2 - 2*w + 3. Let k be l(-3). Suppose -3*x = -x - 4. Suppose -x*b - 5 = -k. What is the units digit of b?
1
Let g(x) = x**3 - 5*x**2 - 11*x + 9. What is the units digit of g(7)?
0
Let c = 146 + -236. Let y = 130 + c. Suppose -3*w + y = w. What is the units digit of w?
0
Let w(t) = -t**3 + 7*t**2 - t + 8. Let g be w(7). Suppose -2*b = 7 - g. Let s(x) = -3*x. What is the units digit of s(b)?
9
Suppose v - 5*v + 104 = 0. Let d(a) = -a**3 + a**2 - 12. Let z be d(0). Let k = z + v. What is the tens digit of k?
1
Let t = 4 + -2. Suppose t*c + 0 = 4. Suppose p - 14 = y, 0*p = -p - 3*y - c. What is the tens digit of p?
1
Suppose 852 = 3*y - 2*b + 5*b, 0 = -5*y + b + 1390. What is the units digit of y?
9
Let c(x) = x**3 - 8*x**2 + 7*x - 7. Let o be c(7). Let p = o - -19. What is the tens digit of p?
1
Let m(z) = -3*z + 3. Let w(v) = -2*v + 3. Let h(k) = 3*m(k) - 4*w(k). Let c = 5 + -10. What is the units digit of h(c)?
2
Let o(v) = -15*v - 3. What is the units digit of o(-4)?
7
Suppose f - 3*o - 18 = 0, -3 = -o + 2*o. Suppose 2*u + 5 = -4*s + 21, 2*u = 3*s + f. What is the units digit of u?
6
What is the units digit of (-36)/27*(-6)/4?
2
Let b be ((-3)/4)/(3/(-12)). Suppose 5*d + 5*t - 75 = 0, -4*t + b*t + 91 = 5*d